 = 4*d - 88. Let n = 34 - m. Is n a prime number?
False
Let k(j) = j**3 + 8*j**2 - 2*j + 6. Let s be k(-8). Suppose -3*c + s = -c. Is c prime?
True
Let s(l) = 175*l**2 + 2*l - 6. Is s(-3) composite?
True
Let b(g) = -6*g**3 - g**2. Let w be b(-1). Let c = 5 - w. Let z(u) = u**2 + u + 39. Is z(c) composite?
True
Let t = 109 - 52. Is t a prime number?
False
Let b(n) = 1439*n**2 + n + 1. Is b(-1) a prime number?
True
Let r(q) = -4*q**2 - 23*q + 21. Let j be r(-11). Suppose 4*m + 261 = 3*k + 1162, 0 = k + 2*m + 287. Let o = j - k. Is o prime?
False
Let f be (11*(-2)/(-8))/(5/(-20)). Let l(g) = -g**3 + g**2 + g. Let q(w) = 5*w**3 - 16*w**2 + w + 5. Let n(x) = 6*l(x) + q(x). Is n(f) a composite number?
True
Let o(j) be the third derivative of -4*j**4 - j**3/6 + j**2. Is o(-2) a prime number?
True
Let d be 3 + (-54)/4*-12. Suppose 165 = 5*r - d. Is 4/3*r/4 prime?
False
Suppose -2*k = -1 - 3. Is 134/k + (-3 - -3) a prime number?
True
Let k be 2*6/(-3) + 7. Is k*20/24*74 prime?
False
Let y(r) be the first derivative of 5*r**2 + r + 1. Suppose -4 + 2 = -2*m. Is y(m) a prime number?
True
Let m(x) = 15*x**2 - x - 1. Is m(-1) composite?
True
Suppose -q = -146 - 516. Is q a prime number?
False
Let o = -8 - -12. Suppose 2*j - o = j. Suppose 5*a + 3*y = 20, -j*a - y + 3*y + 38 = 0. Is a composite?
False
Suppose 2*k + 2*x = 451 + 905, -4*k + 2706 = -2*x. Is k a composite number?
False
Suppose 2*m = 3*s + 63, 4*m - 2*s + 6*s - 116 = 0. Suppose -4 + m = 2*j. Is j composite?
False
Suppose -10*r + 2*b = -5*r - 5379, -3*r = 3*b - 3240. Is r composite?
True
Suppose -4*b + 3*s + 225 = 0, 8*b - 4*b = -4*s + 260. Let y = b + -41. Is y composite?
False
Let j(l) = l**3 - 8*l**2 + 9*l - 10. Let z be j(7). Let k(u) be the third derivative of 5*u**4/24 + u**3/6 + 2*u**2. Is k(z) a composite number?
True
Is ((-25)/(-15))/((-2)/(-42)) composite?
True
Let g(s) = -4*s + 211. Is g(0) a prime number?
True
Let v(b) = -b**3 + 3*b**2 + 1. Let p be v(3). Let t be p*((0 - 2) + 7). Suppose 5*a + 5*c - 160 = 0, t*a + 2*c - 178 = 3*c. Is a composite?
True
Suppose -4*c + 5*w = -0*w - 1410, -2*c - 4*w + 718 = 0. Is c a composite number?
True
Is -237*1*(3 + -4) a prime number?
False
Let v(g) = -g**3 - 14*g**2 - 13*g. Let y be v(-13). Suppose y*a - 636 = -3*a. Is a + -3 + (-1 - -3) composite?
False
Suppose 0 = -5*i + 15, 5*i - 315 = h - 827. Let f = -372 + h. Is f composite?
True
Suppose -r - 3*q + 75 = r, 3*q = -3*r + 108. Let d be 2*(-5)/((-15)/(-6)). Let y = r - d. Is y a composite number?
False
Let s = -2 - -5. Let p = -2 - -4. Suppose s = p*y - 115. Is y composite?
False
Suppose 1355 = 3*u - 4*x, x = -x - 10. Is u a prime number?
False
Let z = -12 + 17. Suppose 556 = z*f - f. Is f a composite number?
False
Let c(r) = -2*r + 4*r - r. Let s be c(3). Suppose -385 = s*n - 8*n. Is n a composite number?
True
Let n = -117 - -3050. Is n a composite number?
True
Suppose -2*g + 10 = 3*g. Let r be g/5 - (-42)/(-5). Is (10/r)/((-2)/24) prime?
False
Is (-43732)/(-65) - (-1)/5 a prime number?
True
Let h = 224 - 115. Is h a composite number?
False
Let o = 9 - 16. Let z(g) = -19*g - 2. Is z(o) composite?
False
Suppose -3150 = 2*r + 3*r. Let u = -449 - r. Is u a prime number?
True
Suppose 5*v - 3*h + 7 = 0, 6*v = 2*v - 4*h + 20. Is ((-182)/(-4))/(v/2) a composite number?
True
Let w(l) = 22*l**2 + 3*l - 1. Let a be w(3). Suppose 2*b = 4*b - a. Is b composite?
False
Let g be (-5)/4*(-184)/2. Suppose 2*o + g = 2*s + 3*s, s - 4*o = 23. Is s prime?
True
Suppose n - 10 = -n, 4*n - 25 = -5*z. Is z/4 + (-1026)/(-24) a prime number?
True
Let l = 10 + -8. Let n(s) = 4 - 4*s + 3*s + 0*s + 0*s**2 + 6*s**l. Is n(5) a prime number?
True
Is 3/(-2)*-2*(-16535)/(-15) a prime number?
True
Is (0 - 9/(-6))/((-3)/(-1388)) a composite number?
True
Let p be -26 - 1*-1*-1. Let i = 120 + -214. Let m = p - i. Is m a composite number?
False
Suppose -3*y - 2194 = -3*s + 4043, 3*s - 4*y = 6239. Is s prime?
False
Let a = 55 - -7. Is a prime?
False
Suppose -376 = -7*a + 3*a. Is a prime?
False
Let n(q) = 78*q + 7. Is n(4) a prime number?
False
Let f = 48 - 77. Let k = 34 + -8. Let r = k - f. Is r composite?
True
Let x(h) = 19*h. Let r be x(-2). Let o = r - -77. Is o prime?
False
Suppose 0 = -4*l + s + 1285 - 318, -2*l + 3*s = -481. Let t = -87 + l. Is t a composite number?
True
Let p(z) be the third derivative of z**5/15 + z**4/8 - z**3/3 - 3*z**2. Is p(-5) a composite number?
False
Suppose 8 = 5*n + 3*m, 5*n - 5*m = 11 + 29. Suppose 30 + 166 = n*p. Is p composite?
True
Suppose 0 = -188*n + 187*n + 623. Is n composite?
True
Suppose -4*n - 2*z = -0*n - 762, -5*z - 387 = -2*n. Is n composite?
False
Let x = -175 - -429. Is x composite?
True
Suppose -a + 6 = -2. Suppose a*x - 5*x = 285. Is x a prime number?
False
Suppose 0 = -2*h - 5*x + x - 38, 16 = h - 5*x. Let y be 27/6*444/h. Is 3/15 + y/(-15) a prime number?
False
Suppose 7*m - 45 = 2*m. Is (3/m)/(3/2007) prime?
True
Let t = 287 + -201. Suppose 2*u - t = -2*w, -98 + 12 = -2*u + 2*w. Suppose u + 4 = v. Is v a composite number?
False
Is (-2)/26*2 - 218312/(-104) prime?
True
Suppose -2*i - 4*z + 4 = 0, i + 3*i - 68 = 4*z. Suppose 0 = y + 5*k + 12, -2*y + y + k + i = 0. Suppose -2*j = -y, 2*u = -u - 5*j + 65. Is u a prime number?
False
Is -5*(-34)/10*2 prime?
False
Let l(a) = a + 4*a - 3*a + 0*a + 2*a**2 + 2. Let j be l(-5). Is j/4*52/6 a prime number?
False
Let z(r) = 21*r + 5. Let x be z(4). Suppose -d + 133 + x = 0. Suppose -252 = -4*w - o - 45, -4*w = -2*o - d. Is w composite?
False
Let d(t) = t**2 + t + 1. Let g(h) = 6*h**2 + 3*h - 2. Let j(i) = 4*d(i) + g(i). Is j(-5) a composite number?
True
Suppose -2*u = 4*h + 628 - 2554, 2*h - 3*u - 943 = 0. Is h composite?
False
Suppose -4*f = -583 - 817. Let p = 513 - f. Is p a prime number?
True
Suppose -r = 2*r. Suppose 0 = 5*p + a - r*a - 1107, 3*a + 1099 = 5*p. Is p a composite number?
True
Suppose -2*o + p - 3*p + 584 = 0, o - 294 = p. Is o a composite number?
False
Suppose 0 = -0*r - 3*r - 834. Let q = r + 405. Is q a composite number?
False
Let r(y) = 5*y + 7. Let g = 15 + -9. Is r(g) prime?
True
Let x = 413 - -150. Suppose 3*m - v = 2*v + 567, 3*m = 5*v + x. Is m composite?
False
Suppose 4*t = 16 + 28. Let z = t - 6. Suppose 0 = z*v - 194 - 821. Is v a composite number?
True
Let a(j) = 15*j - 1. Let y be a(1). Let u = -4 + y. Is u composite?
True
Let a(v) = v**2. Let h be a(3). Suppose 0 = -2*k - 3 - 1. Let o = h - k. Is o a composite number?
False
Let v = 476 + 539. Suppose 0*w - v = -5*w. Is w a composite number?
True
Let g = 705 - 256. Is g prime?
True
Suppose f - 18 = 2*l, l = -5*f + 157 - 67. Suppose -f = 4*h + 6. Is ((-4)/h)/((-4)/(-222)) composite?
False
Let d be ((-68)/(-8))/((-2)/(-68)). Let h = -431 + d. Let v = h + 227. Is v composite?
True
Let x(q) = 2*q**3 - q**2 + 2*q + 2. Let p(d) = -5*d**2 - 2*d + 1. Let i be p(-2). Let n be i/((-9)/3) + -2. Is x(n) a prime number?
True
Is (-2)/(-9) + (-4564)/(-36) prime?
True
Let u = -48 - -427. Is u composite?
False
Let f(r) = -2*r + 5. Let y be f(8). Let i be (-64)/y - 6/(-33). Is (42/(-9))/((-4)/i) prime?
True
Suppose -4*f + 27 + 77 = 0. Is f composite?
True
Let g(i) = i**3 - 4*i**2 - i + 1. Let k be g(4). Suppose 0 = -3*o + 6*o + 5*c, -2*c = 5*o + 19. Is (6/o)/k*5 prime?
True
Suppose -4*u = 20, 3*x - 2*u + 8 - 18 = 0. Suppose 2*v + 199 = 5*g, -v + x = 2. Let l = 30 + g. Is l prime?
False
Let s = -9 - -14. Suppose -s*r - 66 = -4*v, 5*v - 7 = 13. Is 14*1*(-15)/r a prime number?
False
Let p(d) = 44*d**3 + 2*d**2 - 3*d + 1. Is p(2) prime?
False
Suppose 0 = -12*y + 10*y + 1394. Is y prime?
False
Let b(d) = 2 - 5*d**2 + d**3 + 6*d + 12*d**2 + 2. Let c be b(-6). Suppose y - 2*o + 12 = 71, 0 = -c*y - o + 191. Is y a composite number?
True
Suppose -5*j + 4*j = 11. Let v = -6 - j. Suppose 5*z - 489 = -o, 4*o + 178 = v*z - 3*z. Is z a prime number?
True
Let m = -16 - -28. Let z = -2 - -4. Let o = z + m. Is o prime?
False
Suppose 2*v - 3*w - 347 = 0, v - w = 4*v - 526. Let x = v - -288. Is x a composite number?
False
Let i(r) = -28*r + 2. Let p(o) = -3*o**2 + 1. Let q be p(-1). Let w be i(q). Let v = -32 + w. Is v composite?
True
Suppose -3*s + 5*p + 114 - 22 = 0, -s - 4*p + 42 = 0. Let k(t) = 2*t - s*t - 1 - 4 - 2*t. Is k(-6) composite?
False
Let o = -7 + -1. Let s = 123 - o. Is s prime?